
Let w be (-42)/(-147) + 542/14. What is the units digit of ((-21)/4)/7*(-1 - w)?
0
Let p = 673 + 419. What is the thousands digit of p?
1
Let r(j) = 19*j - 37. What is the tens digit of r(7)?
9
Let p(f) = -f + 14. Let c be p(-7). Suppose i - c = 2*r, -6*i + 2*i + 98 = -r. What is the tens digit of i?
2
Suppose k + 5*o - 558 + 22 = 0, -k - o = -524. What is the hundreds digit of k?
5
Let y be (-42)/4*24/(-36). Suppose c + 2*m = 37 + y, 0 = -5*c + 2*m + 220. Suppose -c = -2*b - 12. What is the tens digit of b?
1
Suppose -5*s = -8*s - 18. Let j(m) = 3*m + 3. Let c be j(s). Let l = -10 - c. What is the units digit of l?
5
Suppose 63*r - 19*r - 4312 = 0. What is the tens digit of r?
9
Let n(s) = -20*s + 33. What is the tens digit of n(-25)?
3
Let p be 12/(-4)*(-76)/(-6). Let i(d) = d**3 - 7*d**2 - 3*d + 4. Let o be i(7). Let x = o - p. What is the tens digit of x?
2
Let s be (((-18)/(-3))/3)/(4/78). Let q = s - -43. What is the tens digit of q?
8
What is the units digit of 4/(-6) + (-26910)/(-27)?
6
Let c be (-2)/(-5) + (-253)/(-55). Suppose -c*u + 0*u + 85 = 0. What is the tens digit of u?
1
Let o = 79 + 53. Suppose u - 5*u - 2*p = o, -4*u = p + 136. Let n = u + 51. What is the units digit of n?
6
Suppose -9*s + 10*s = 130. What is the hundreds digit of s?
1
Suppose 0 = 1649*m - 1650*m + 829. What is the tens digit of m?
2
Let z(a) = a**2 - 41*a + 18. What is the tens digit of z(76)?
7
Let o(h) = 3*h - 11. Suppose 0*k - 4*k = -12. Suppose -k*i - r = -24, i = -2*r - 1 + 4. What is the units digit of o(i)?
6
Suppose -4*i - 5*c + 1499 = 0, -i + 341 = 3*c - 39. What is the hundreds digit of i?
3
Suppose 2*b + 2*b = -2*k + 1524, 2*k + 1516 = 4*b. What is the hundreds digit of b?
3
Let g(h) = h**3 - 2*h**2 - 5*h - 3. Let d be g(4). Suppose 0 = 4*r - d*r - 80. What is the units digit of ((-52)/r)/((-1)/(-4))?
3
Suppose -3 = -5*i + 2, -408 = -2*l - 2*i. What is the units digit of l/35 - (-2)/10?
6
What is the units digit of (0 - -12)/3 + 581?
5
Suppose 5*a + 3*x = -5, -11 - 4 = 5*a + 5*x. Suppose a*t + 28 = 4*j - 38, t = -2*j + 27. What is the tens digit of j?
1
Let n(r) = r**2 - 4*r - 4. Let s(j) = -j**2 + 2*j + 2. Let p(q) = -4*n(q) - 7*s(q). Let w = 85 + -87. What is the tens digit of p(w)?
1
Let h(t) = 71*t**2 + 31*t - 142. What is the hundreds digit of h(5)?
7
Suppose m + m - 4 = 0, 3*m - 321 = 5*u. Let v be (-2)/9 - 329/u. Suppose -q + 25 = -v. What is the tens digit of q?
3
Let n(o) = -8 + 11 + 7*o - o**2 + 0*o**2 + 0*o**2. Let r be n(6). Suppose -2*l + 24 = -4*y, -l - 2*y + 11 = -r. What is the tens digit of l?
1
Suppose 26 = 4*j - 2. Suppose j*l - l = 6. What is the tens digit of (-729)/(-18) + l/(-2)?
4
Let t(q) = 6*q**2 - 31*q + 251. What is the hundreds digit of t(18)?
6
Let d = -66 - -1489. What is the tens digit of d?
2
Suppose 1186 = -9*w + 14695. What is the tens digit of w?
0
Let g be 159/4*(-7 + 185/15). Suppose 0 = -0*h + 5*h + 4*r - g, 6 = 2*r. What is the units digit of h?
0
Let w(h) = -h**3 + 21*h + 1. What is the units digit of w(-8)?
5
Let p(w) = -4*w + 31. Let t be p(-10). Suppose 2*b - 3*x = t, 2*b - x = -2*x + 59. What is the units digit of b?
1
Let q be 42/35*(-65)/(-2). Let n = -3 + q. What is the tens digit of n + (-3 - (-4 + 2))?
3
Suppose -29*b = 1168 - 182. Suppose -r + 0 = o - 7, -o - 3 = 0. What is the tens digit of (b/6)/(r/(-30))?
1
Suppose -13*v + 20924 = -33871. What is the units digit of v?
5
Let t = 67 + 38. What is the hundreds digit of t?
1
Let a(h) be the second derivative of 2*h - 2*h**2 + 1/3*h**3 + 0. What is the units digit of a(10)?
6
Let w = -1015 + 606. Let y = w + 628. What is the units digit of y?
9
Suppose 4*c + 72 = 8*c. What is the units digit of ((-1 - -3) + 19)/(3/c)?
6
Let s(c) = 2*c**3 - 10*c**2 + 2*c - 5. Let j be s(7). Suppose 5*m + 96 = -5*d + 341, j = 4*m + d. What is the units digit of m?
2
Let o = 1101 + -626. What is the units digit of o?
5
Suppose h - 3*o = 1, -5*o = -0*h + 2*h - 2. Let w(t) = h + 13*t - t**2 + 2*t - 3 - 3. What is the tens digit of w(13)?
2
Suppose 7*m - 5*m = 144. Suppose -6*g = 3*g - m. What is the units digit of g?
8
Suppose -p - 11380 = -4*d, 11623 = 4*d + 5*p + 267. What is the thousands digit of d?
2
Suppose -4*i + 3*s = -15245, 12*s = 4*i + 13*s - 15265. What is the thousands digit of i?
3
Let r be (-5 - -2) + 3*1. Let z be 0 + (-3 - -3) - r. Suppose -j + 27 = -z*j. What is the tens digit of j?
2
Let o be 30*(84/(-15) - (1 - 1)). Let t = 353 + o. What is the tens digit of t?
8
Let d(g) be the first derivative of -7*g**2 - 18*g - 1. What is the units digit of d(-10)?
2
What is the thousands digit of (-1)/(((-90853)/11354 - -8)/3)?
1
Suppose o = -5*p + 82, -o + 3*p + 38 = -76. Suppose -4*q + o = -2*l - 162, 0 = -4*l + 16. What is the tens digit of q?
6
Let u be (-1*3)/(18/(-6)). Suppose -j + 3 = -u. What is the units digit of ((-6)/j)/(9/(-18))?
3
What is the tens digit of (((-10)/15)/1)/(4/(-3342))?
5
Suppose 13*f + 763 = 4780. What is the units digit of f?
9
Let k = -25 - -238. Suppose 2*d - k = 5*u, 3*d - u = 2*u + 306. What is the tens digit of d?
9
Let v = 122 + -77. What is the units digit of v?
5
Let k = -10 + 12. Suppose 4*y = k*c + 4, -y - 3*c + 4*c + 1 = 0. Suppose 3*m - 4*m + y = 0. What is the units digit of m?
1
Suppose 3653 = -18*t + 23219. What is the thousands digit of t?
1
What is the tens digit of (1 + 717/9)/((-3)/(-63))?
9
Suppose -2*c + 8 = -2*a, 4*c - 2*a - 2 = -5*a. Let o(j) be the third derivative of j**5/15 - j**4/8 + j**3/6 + 2*j**2. What is the tens digit of o(c)?
1
Let j(d) = 20*d**2 + d + 1. Suppose l + 5 = 5*v, -l = 2*l + 2*v - 2. Suppose -4*t = -2*y - 14, l*y + 7 = 2*y + 3*t. What is the units digit of j(y)?
0
Let z(h) be the second derivative of -h**5/10 + h**4/4 + 5*h**3/6 + h**2 - 3*h. What is the units digit of z(-3)?
8
Let k(l) be the first derivative of -l**4/4 + 6*l**3 + l**2 + 5*l - 2. What is the units digit of k(18)?
1
Let z = 31 + 14. Suppose -69 = -5*h + 36. Let d = z - h. What is the tens digit of d?
2
Suppose 4*b + 0*q + 4*q = 60, 4*b = -q + 60. Let i = b + 0. Let o = i + 17. What is the tens digit of o?
3
Suppose 3*p = -4*a + 8223, 77*p + 5471 = 79*p - a. What is the units digit of p?
7
Suppose k = 207 - 72. Let m = k + 68. What is the tens digit of m?
0
Suppose 25 = 5*k - 3*q, 0*k - k + q = -7. What is the tens digit of 0/k + -3 - (-2 + -107)?
0
Let n be 26/8 - 15/(-20). What is the tens digit of 235/n - (-3)/12?
5
What is the hundreds digit of 1147410/1425 - 2/(-10)*-1?
8
Let t(g) be the first derivative of -2*g**2 - 5*g - 4. Let m be t(-2). Suppose -2*r = 3*r - 2*i - 120, m*i = -5*r + 120. What is the units digit of r?
4
Let k(n) = n**2 - 4*n - 2. Let p be k(4). Let c be (3/(-6))/(p/(-44)). What is the units digit of (-4)/4 - (c + -1)?
1
Suppose 5*b + 812 = -4*q, -2*b = -3*q + b - 582. Let p = -115 - q. What is the tens digit of p?
8
Suppose 4*a = 5*n - 807, 5*n - a + 5*a = 783. Let v = n + -93. What is the units digit of v?
6
What is the units digit of (20580/120)/(2/24)?
8
Suppose -143 = -9*j + 181. Suppose 2*x - 280 - j = 0. What is the tens digit of x?
5
Let s be (1 + 3*-2)*-1. Suppose t - 50 = s*j + 41, -j = -5*t + 479. What is the tens digit of t?
9
What is the thousands digit of 99/(-11)*2560/(-12)?
1
Let m(r) = 2*r**2 - 3*r + 4. Let n be m(6). Let v = 103 - n. What is the tens digit of v?
4
Suppose -7*q = -2*q + 3*j - 726, 3*q - 440 = -4*j. Suppose -4*x + 372 = -q. What is the tens digit of x?
2
Let f(y) be the first derivative of -y**2/2 + 27*y - 10. What is the units digit of f(24)?
3
Let i(u) = 136*u + 2. Let z(l) = -68*l - 1. Let n(f) = -4*i(f) - 9*z(f). What is the units digit of n(1)?
9
Let h(s) = 3*s**2 + 20*s - 45. What is the tens digit of h(-11)?
9
Let o(h) = h**3 + 9*h**2 + 9*h + 10. Let x be o(-8). Suppose -x*i = 2*g - i - 4, -2*i = -2*g - 8. Suppose 2*k + 2*k - 80 = g. What is the units digit of k?
0
Let x(z) = -7*z - 37. Let h(q) = 19*q + 113. Let b(u) = 4*h(u) + 11*x(u). Suppose -4*v = -v. What is the units digit of b(v)?
5
Let s(k) = k**3 - 6*k**2 + 2*k - 17. Let z be s(6). What is the units digit of -1 + (36 - z)*5?
4
Suppose 5*f = -1 + 6. What is the units digit of (9/(-12))/(f/(-32))?
4
Suppose -517 = 2*d - 4*d - t, 4*t - 1300 = -5*d. Suppose 6*l - l - d = 2*r, -3*r - 209 = -4*l. What 